Let m = 18954 - 18951. Let j(i) = x*i**3 + 4*i**m - 4*i**3 + i**2 + 3*i + 4 - 6*i**3. Give j(3).
-5
Let o(n) = -4*n - 12. Let v be (((-29)/(-87))/((-1)/(-2)))/(2/(-6)). Calculate o(v).
-4
Let h = 11653 - 11657. Let s(w) = -w**3 - 2*w**2 + 2*w - 5. Calculate s(h).
19
Let h(b) = -2*b**3 - 15*b**2 + 16*b + 80. Let l = 9126 - 9134. Give h(l).
16
Suppose -t + 5*l + 8 = 3*l, -3*t + 4*l + 28 = 0. Let x(w) = -w**3 + 12*w**2 + 2*w - 21. What is x(t)?
3
Let k(v) = -72 - 5*v**2 + 4*v - 83 - 71 + 221 + v**3. What is k(4)?
-5
Let n(w) = -w**3 - 10*w**2 - 19*w - 21. Let o be n(-8). Suppose v + o*v = 48. Let m(c) = -c + 18. What is m(v)?
6
Let q(g) = g**2 + g - 16. Let h be q(-6). Suppose 2*x = 3*u + 18, -h*x = -13*x + 4*u + 13. Let s(j) = -j**3 + 3*j**2 - 2*j - 1. What is s(x)?
-7
Let p(b) be the third derivative of b**6/120 + 7*b**5/60 + b**4/3 + 5*b**3/6 + 2*b**2 - 934*b. Suppose -2*g + 22 = 14. Suppose -g*m + 6 = -5*m. Give p(m).
-7
Let d(o) = o**2 - 3*o + 12. Suppose -1515 = -30*j - 1335. Calculate d(j).
30
Let a(i) = 572 - 2349*i - 581 + 2350*i. Determine a(6).
-3
Let g(m) = -4*m + 116. Let h be g(29). Suppose -31*u + 36*u = h. Let c(o) = -o**3 + 6. Calculate c(u).
6
Let q(k) = 40*k**2 + 48*k**2 - 8*k + 1 + 2 - 90*k**2. Suppose -3*m - 2*m - 30 = 0. Give q(m).
-21
Let y(x) = 3*x - 2*x - 6*x - 7 + 2*x. Let w(i) = 2*i + 7. Let s(b) = -4*w(b) - 3*y(b). Give s(5).
-2
Let h = 218 - 389. Let a = h + 179. Let z(i) = i**3 - 2*i**3 - 8*i + 9*i**2 + 3 + 0*i**3. Determine z(a).
3
Let m(t) = 15*t + 27. Let h be m(-9). Let j = 110 + h. Let r(y) = 7*y - y**2 - 3*y**2 + 0*y**2 + 2*y**j. Give r(5).
-15
Suppose 14 = 19*q - 16*q + 2*l, -2*q - 5*l = -24. Let y(s) = 7*s - 25. Determine y(q).
-11
Let b(m) be the first derivative of -3*m**2 + 5 - 1/3*m**3 + m. Let i be b(-5). Let p(z) = z. Calculate p(i).
6
Suppose 32 = q - 4*w - 9, 3*q = -5*w + 38. Let j(o) = 26 + q*o - o**3 - 22 - 23*o + 6*o**2. Let z(l) = 2*l**2 + 2*l + 2. Let k be z(-2). Determine j(k).
-8
Suppose 13*m = 53*m - 480. Let c(i) = -i**3 + 13*i**2 - 10*i - 20. Give c(m).
4
Let m(u) be the third derivative of -u**6/120 + u**5/30 + u**4/6 - u**3/6 - u**2 + 3*u + 21. Suppose 3*k = 2*c + 11, -5*c + 0 = 2*k - 1. Give m(k).
2
Let u(c) = c**2 - 67*c + 49. Let z be u(66). Let p(h) be the first derivative of -h**3/3 - 17*h**2/2 - 3*h + 74. Determine p(z).
-3
Let q(f) = -4*f**2 - 2*f**2 + 1 + f**2 + 4*f**2 - f + f**3. Let w = 263 - 231. Suppose -2*d - w = -28. Give q(d).
-9
Suppose -3*u = -u - 568. Suppose -2*k = -4*f - u, k + 2 = 6. Let j = f + 65. Let d(z) = z**3 + 2*z**2 - 4*z + 1. Determine d(j).
-15
Let n(x) = -211 - 52*x**2 - 118 - 36*x**2 + 87*x**2 - 60*x. Give n(-6).
-5
Suppose 2*p - 29 = 47. Let r = -49 + p. Let z be (-43)/(-7) + r/77. Let n(k) = k**2 - 7*k + 2. Calculate n(z).
-4
Let m(u) = u**3 - 4*u**2 - u + 5. Suppose 0 = 5*z + 86 + 79. Let q = 364 + -326. Let t = q + z. What is m(t)?
25
Let s(d) = -22*d + 8. Let n(l) = 5*l - 3. Let k(t) = -6*n(t) - 2*s(t). Calculate k(4).
58
Suppose 0 = 5*x - 4*z - 8002, -9*x + 6*x + 3*z + 4800 = 0. Let w(c) = -c**2 + 801 + 800 + 2*c - 6*c - x + 0*c**2. Calculate w(4).
-33
Let u(g) = -42*g**2 - 48*g - 2. Let v be u(-1). Let x(m) = 3*m**2 - 6*m + 9. Give x(v).
33
Suppose -2*t - 6*i - 2 = -i, 0 = t - 3*i - 10. Let d be 14/t + 2/4. Let u(x) = 4 - 4*x + 19*x - 12*x - x**2. What is u(d)?
0
Let n(t) be the second derivative of t**5/20 - 31*t**4/12 + 8*t**2 + 14620*t. Give n(31).
16
Let x = -1586 - -1587. Let d(p) = 1 + 9*p**2 - p + 0*p - 9*p**3 - 6*p**2 - 2*p**2. Determine d(x).
-8
Let d(p) = -p**2 - 9*p - 21. Let v = 4418 - 4424. Give d(v).
-3
Let l be 15/(-2 - 1) + (0 - -5). Let u(t) be the second derivative of l*t**2 + 0*t**3 - 2*t + 1/2*t**4 + 0. Calculate u(-1).
6
Let b(t) = 2*t + 10. Suppose 490 = -23*s + 21*s - 47*s. Calculate b(s).
-10
Let h(c) = c**3 - 2*c**2 + 2*c - 1. Suppose -v = 4*z - 19, -4*v = -5*z + 33 - 4. Let f(t) = 19*t - 24. Let y be f(z). Let a = y - 70. Give h(a).
0
Let o(a) = -31*a**3 + 87*a**3 - 26*a**3 + 23*a**2 + 26*a - 61 + 23 - 31*a**3. Give o(24).
10
Let w(b) be the first derivative of b**4/4 + b**3/3 - 11*b**2/2 - 6*b + 928. Calculate w(-4).
-10
Let g(z) = -166*z + 29. Let t(r) = 91*r - 14. Let l(c) = -6*g(c) - 11*t(c). What is l(-10)?
30
Let d(r) = -r - 1478*r**3 + 6*r**2 + 8*r + 1477*r**3 - 8 - r. Let y be 7/(-3 - (1 - 5)). Give d(y).
-15
Let i(m) = m - 2. Let p = -397 - -398. Let r(b) = 2*b - 14. Let s(l) = p*r(l) - 5*i(l). What is s(-6)?
14
Let v(a) = -6*a + 135. Let i be (18/27*-57)/(14/(-7)). Calculate v(i).
21
Let f(k) be the first derivative of k**7/840 - k**6/72 - k**5/30 + k**4/24 - 14*k**3/3 - 5*k + 39. Let w(t) be the third derivative of f(t). Give w(5).
-19
Let j(o) = 0*o**2 - 2 - 7 + o**2 - 8 + 15 - 7*o. Let p(h) = h**3 - 4*h**2 + 4*h + 3. Let f be p(3). Determine j(f).
-8
Suppose 56*d = 59*d + 12, 4 = -2*a - d. Let o(q) = -q**2 + q - 15. What is o(a)?
-15
Suppose 8*x + 1102 = 498 + 500. Let f(q) = -16*q - 203. Calculate f(x).
5
Let d(q) be the second derivative of -7*q + 0*q**2 + 0 + 1/2*q**3. Let t be (-483)/(-56) - 9 - 26/16. What is d(t)?
-6
Let n = 897 - 797. Suppose -n*w = -87*w - 13. Let l(a) = 7*a**2 - a. Give l(w).
6
Let m(t) = 9*t - 261*t**2 + t + 83*t**2 + 78*t**2 + 1 - t**3 + 107*t**2. What is m(8)?
17
Let c(n) be the third derivative of n**5/60 + n**4/24 + n**3/2 + 34*n**2 + 2*n. Suppose 34 - 38 = y. Give c(y).
15
Let o(s) = -3*s**2 + 42*s + 14. Let z(n) = 13*n**2 - 200*n - 58. Let i(y) = -9*o(y) - 2*z(y). Give i(-17).
-95
Suppose 4*f + 0*z - 4*z = -216, 146 = -3*f - 5*z. Let l = -52 - f. Let v(p) = -p**2 - 6. Determine v(l).
-6
Let n(t) be the first derivative of 5/3*t**3 + 111 - 2*t + 0*t**2 + 1/4*t**4. Give n(-5).
-2
Let x(j) = -29*j - 51 + 76*j - 2*j**2 - 31*j - 38*j. Calculate x(-8).
-3
Let i(l) = l + 9. Suppose -k - 7*k - 48 = 0. Let t be i(k). Let b(g) = 12 + 17*g**t - 11 - 23*g**3. Give b(1).
-5
Let p(u) = 3*u**2 + 15*u - 30. Let w be p(-7). Suppose -12*n = -15*n - w. Let r(f) = -f**2 - 7*f - 5. What is r(n)?
7
Let r(w) = -15*w - 23. Let t(g) = -13*g - 23. Let o(s) = -6*r(s) + 7*t(s). Determine o(-12).
-11
Let m be -3 + 0 - 0 - -3. Suppose -q + 1 = -x + 5, -2*q = m. Let i(a) = -14*a + 4. Let k(t) = 2*t. Let p(s) = -i(s) - 6*k(s). Give p(x).
4
Suppose -30*o + 28*o + 9 = -3*s, -4*s = o + 1. Let a(u) = -32 + 10*u**2 + 32. Give a(s).
10
Suppose 5*n = 2*m + 21, -4*n + 5 - 2 = 3*m. Let b(f) = -14*f**3 - 18*f**n + 18 + 31*f**3. Determine b(0).
18
Let r(d) = -2*d**2 + 1972*d**3 + 11*d - 1973*d**3 + 3*d**2 - 8*d**2 + 16*d**2 - 9. Determine r(10).
1
Let p(w) be the first derivative of -w**3/3 - 5*w**2/2 - 2*w + 1. Let t = 27 - -31. Let g = -62 + t. Calculate p(g).
2
Let v(x) be the second derivative of x**5/20 + 3*x**4/4 + 3*x**3/2 - 7*x**2 - 705*x + 1. Give v(-8).
-22
Let r(z) be the third derivative of z**5/30 + 19*z**4/6 + z**3/6 + 2*z**2 - 295. What is r(-38)?
1
Let o(b) = -1. Let z(k) = 3*k + 1. Let a(d) = o(d) + 2*z(d). Let w be 2*2/(-2)*(6 + 17). Let h = 45 + w. Determine a(h).
-5
Suppose -26 = -49*b + 50*b + 2*y, -4*b + 2*y = 64. Let l(c) = c**2 + 9*c - 157. Calculate l(b).
5
Let g(w) = 32*w**3 - 15*w**2 + 70*w - 47. Let b(q) = -6*q**3 + 3*q**2 - 13*q + 9. Let c(a) = -11*b(a) - 2*g(a). What is c(2)?
5
Let t(b) = -b**3 + 17*b**2 - 67*b - 19. Let o(v) = 4*v**3 - 68*v**2 + 267*v + 77. Let h(r) = 3*o(r) + 11*t(r). Calculate h(11).
0
Let v be -29 + ((-3)/(-5) - (-36)/15). Let h = 16 + v. Let n(y) = 2*y + 11. Give n(h).
-9
Let v(t) = 2*t - 2. Let b(w) = -2*w**2 + 35*w - 12. Let k be b(14). Let q = -64 + k. Suppose -7*s + 1 = q. Determine v(s).
-8
Let s(w) = -8*w**2 - 15*w - 14. Let r(y) = -3*y**2 - 5*y - 5. Let a = 212 - 201. Let f(u) = a*r(u) - 4*s(u). What is f(5)?
1
Let v(t) = t**3 - 2*t**2. Let k be v(3). Suppose -2*b - 3*o - 6 = 0, k*b - 4*b = 5*o + 35. Suppose 0 = b*l - 11 + 5. Let a(w) = -w + 1. Determine a(l).
-1
Let w(v) be the second derivative of 0*v**4 + 40*v + 1/120*v**6 + 0*v**5 + 0*v**2 + 0 - 14/3*v**3. Let r(g) be the second derivative of w(g). Determine r(1).
3
Let o(k) = -2*k**2 + 19*k - 4. Suppose -136 = -24*s - 17*s + 24*s. What is o(s)?
20
Let j(g) = g**2 + g - 24. Let f(a) = -a**3 + 16*a**2 - 8*a - 92. Let t(c) = f(c) - 4*j(c). What is t(11)?
-7
Let x(t) = -12*t - 15*t - 31*t + 25*t + 125. Calcu